1000010111010
Convert -400a04 (base 11) to base 2.
-10011101100100101010
-1011010011110001 (base 2) to base 14
-12c49
-136111 (base 8) to base 12
-23a89
1000101001101011011 (base 2) to base 9
471771
Convert -1403310311 (base 5) to base 10.
-3572581
21435123 (base 6) to base 16
9ce5b
-99c9c (base 13) to base 2
-1000100000111000011
-1694842 (base 10) to base 15
-237297
Convert 11230261 (base 8) to base 4.
21103002301
Convert -109708 (base 11) to base 14.
-47525
Convert -111011001111000001 (base 2) to base 12.
-b84a9
141915 (base 11) to base 12
a8603
Convert -2111013 (base 4) to base 7.
-36552
Convert 370980 (base 13) to base 2.
101000001001001100111
Convert -4b712 (base 12) to base 6.
-2112422
Convert -121012101 (base 3) to base 2.
-10111000100001
What is 436057 (base 9) in base 3?
111020001221
1011011000110010000 (base 2) to base 7
3112601
21143341 (base 6) to base 8
2273355
-57600 (base 12) to base 7
-664026
-233201210 (base 4) to base 10
-194660
25223154 (base 6) to base 7
6621250
371632 (base 9) to base 8
666076
-551219 (base 11) to base 8
-3266665
-42213616 (base 7) to base 3
-20201012202111
Convert -10010110001111110 (base 2) to base 15.
-17bd6
-35045 (base 12) to base 6
-1304125
Convert 1235a0 (base 16) to base 9.
2218003
What is 1101110011101101 (base 2) in base 12?
28891
-513134 (base 8) to base 2
-101001011001011100
Convert -71eb (base 15) to base 7.
-130115
Convert 1274304 (base 9) to base 5.
134324004
Convert 1536723 (base 8) to base 16.
6bdd3
Convert 88e573 (base 15) to base 10.
6528483
1a743 (base 12) to base 4
21202203
-114000032 (base 6) to base 3
-11001001000202
-302320321 (base 4) to base 16
-32e39
What is 2042431433 (base 5) in base 6?
231223334
Convert -309001 (base 12) to base 3.
-1102201100001
Convert -2504152 (base 6) to base 13.
-48794
What is 23030213121 (base 4) in base 11?
1725336
What is -2132022 (base 4) in base 7?
-41340
Convert -434721 (base 12) to base 14.
-1da41b
What is 218ca45 (base 14) in base 3?
1002222210102202
Convert -158529 (base 14) to base 5.
-143042443
What is -378432 (base 9) in base 16?
-37f8b
What is 1b2438 (base 15) in base 12?
53a215
-5351310 (base 6) to base 5
-31412133
What is -1a1aa6 (base 11) in base 8?
-1135546
Convert 23b5b09 (base 12) to base 5.
3240104133
Convert 252825 (base 10) to base 2.
111101101110011001
Convert 1100001101110100010110 (base 2) to base 3.
20000200202200
What is -234876 (base 11) in base 16?
-5aeb0
Convert 3332244 (base 7) to base 2.
1100100011011111011
4b93 (base 16) to base 12
b243
Convert 1102303110 (base 4) to base 9.
566210
-305510334 (base 6) to base 7
-63104101
Convert -21320030332 (base 4) to base 9.
-4776114
What is -3143424 (base 8) in base 9?
-1515620
Convert 142624 (base 9) to base 2.
10101010011011011
2144aa (base 14) to base 2
100010010111001010110
-776526 (base 8) to base 15
-5270c
Convert 5152455 (base 7) to base 3.
1011101201010
b88b57 (base 12) to base 3
12111021110011
Convert -3353103 (base 6) to base 15.
-35793
Convert 1003420314 (base 5) to base 12.
8114b6
59707 (base 14) to base 13
783b2
Convert -212132413 (base 6) to base 11.
-212851a
What is -185737 (base 10) in base 15?
-3a077
480027 (base 13) to base 3
10020001202010
Convert -132300231 (base 4) to base 6.
-2411153
Convert 21112221101222 (base 3) to base 11.
22a19a6
147157 (base 9) to base 10
90529
Convert 17413623 (base 8) to base 13.
ac6267
What is -2773b (base 12) in base 3?
-2202221002
Convert 2a762 (base 11) to base 14.
11bd9
Convert -2213030 (base 4) to base 7.
-43124
30ecc9 (base 15) to base 7
25534641
913ab (base 12) to base 7
1414526
What is 11110110011101000 (base 2) in base 4?
132303220
What is -2001323224 (base 5) in base 8?
-17001413
What is -104363606 (base 7) in base 3?
-102212011002212
-3301105 (base 6) to base 16
-27ee1
What is -114444103 (base 5) in base 2?
-10000101011111011010
-23211121 (base 4) to base 16
-b959
What is -1000111111110000110 (base 2) in base 12?
-12271a
What is -1202121201012 (base 3) in base 9?
-1677635
Convert -2427782 (base 9) to base 15.
-1b077e
Convert -92522 (base 10) to base 16.
-1696a
What is 2230663 (base 7) in base 16?
437e6
Convert -48677 (base 12) to base 8.
-276673
What is -232112121 (base 5) in base 7?
-11634611
501025 (base 6) to base 14
1037b
Convert 2663623 (base 8) to base 4.
2312132103
What is -4670427 (base 8) in base 13?
-357c35
300213040 (base 5) to base 9
2186431
Convert 2303222430 (base 5) to base 2.
10011100101001001000001
-21634566 (base 8) to base 6
-244014010
303a8 (base 11) to base 13
17299
Convert 20200021022101 (base 3) to base 16.
36246d
Convert -356830 (base 9) to base 2.
-110100011111011001
Convert 100221000200011 (base 3) to base 14.
9b47dc
Convert -211000002202122 (base 3) to base 12.
-3abb245
What is 33120a (base 12) in base 7?
6614434
-16061551 (base 8) to base 3
-20221202020002
323131223 (base 4) to base 7
2033045
Convert 43364517 (base 8) to base 11.
5282501
What is -57721 (base 12) in base 6?
-2300441
Convert -2bb129 (base 12) to base 8.
-2656761
What is 199 (base 11) in base 4?
3211
113200012 (base 4) to base 12
4785a
-102123132012 (base 4) to base 9
-10073030
85c1c (base 16) to base 11
344692
Convert 62765 (base 12) to base 4.
133132331
48a543 (base 11) to base 2
10111101010001111110
What is -83bafd (base 16) in base 12?
-2a83bb9
Convert 1451240 (base 11) to base 8.
11400333
Convert -2413340231 (base 5) to base 12.
-1a6404b
What is -40a29 (base 13) in base 12?
-57141
Convert 10145135 (base 7) to base 8.
3177440
What is -15344112 (base 9) in base 6?
-431520445
237b11 (base 12) to base 14
10d04d
-2031001130 (base 4) to base 5
-121441003
101416606 (base 7) to base 12
1bb1a31
-3af187 (base 16) to base 12
-136359b
26d3d6 (base 15) to base 4
13013313303
Convert 410121103 (base 5) to base 13.
457a83
What is 100222112220 (base 3) in base 15?
3d353
5260682 (base 9) to base 5
1210041404
-252403 (base 9) to base 16
-25470
-13153263 (base 9) to base 5
-3124042202
Convert -5e904c (base 15) to base 10.
-4536072
Convert 232223323020 (base 4) to base 14.
18a8172
-828210 (base 9) to base 13
-142950
What is 230220103 (base 4) in base 3?
100021202111
Convert -122101022201 (base 3) to base 2.
-1010011100001111000
Convert 26030a (base 14) to base 9.
2411455
Convert -201c8 (base 14) to base 6.
-1353232
11012121210 (base 3) to base 8
241616
What is 1010100111110100011 (base 2) in base 7?
2646526
Convert 24f8e8 (base 16) to base 3.
11120002202100
Convert -6a50c5 (base 14) to base 11.
-2056572
What is 2114010401 (base 5) in base 12?
15a0502
Convert -2d5811 (base 14) to base 13.
-438b54
What is -11011111010011000110100 (base 2) in base 3?
-111202202002122
-3a572 (base 14) to base 4
-203012120
Convert 235c657 (base 14) to base 13.
36689c1
Convert -1221112113 (base 4) to base 12.
-189873
Convert -11121310102 (base 4) to base 15.
-1cea61
What is -222122210121111 (base 3) in base 5?
-12111332311
What is -5210241 (base 7) in base 2?
-10011000011100000011
-2315 (base 7) to base 2
-1101001101
133102550 (base 6) to base 7
31450605
Convert 13cb1a (base 15) to base 7.
11053033
What is -4041653 (base 8) in base 6?
-34502415
What is -1011321123 (base 4) in base 12?
-119823
-323133432 (base 5) to base 6
-45331100
33202021320 (base 4) to base 5
2020301211
b923 (base 12) to base 9
30800
3577008 (base 9) to base 16
1d9c7e
Convert 14167304 (base 8) to base 4.
30032323010
What is 9286 (base 13) in base 12?
b851
330054215 (base 6) to base 9
12061162
What is -296739 (base 12) in base 9?
-1270300
What is -3310 (base 8) in base 11?
-1339
What is 1020321122 (base 4) in base 13?
a5ba2
-21917b (base 14) to base 11
-708884
130101412 (base 6) to base 11
1476aaa
Convert -2b752 (base 12) to base 10.
-61550
Convert 138a77 (base 11) to base 6.
4352124
-1040240210 (base 5) to base 9
-4245834
Convert -196463 (base 12) to base 10.
-446475
What is 1000000100011010011011 (base 2) in base 11?
1215224
Convert 680741 (base 10) to base 13.
1aab09
Convert 21523323 (base 9) to base 11.
5969918
What is 20121201022 (base 3) in base 2?
11111110011101011
Convert 1550317 (base 10) to base 2.
101111010011111101101
-102000112002 (base 3) to base 8
-647475
-2495633 (base 11) to base 14
-808a08
Convert -770444 (base 12) to base 2.
-111001100110101110100
What is 103321103211 (base 4) in ba